by 123/6 - 6/(-4).
21
Let c(x) = 3*x + 108. Suppose 4*r = -2*a - 23 + 111, 5*a = 10. Calculate the remainder when c(-23) is divided by r.
18
Let p(z) = z - 2. Let i be p(13). Suppose -i = -t - 0. Suppose 5*v - 20 = 0, -a - 3*a + 100 = -5*v. What is the remainder when a is divided by t?
8
Suppose 0*u + u = 13. Suppose 9 = -2*v + 49. Calculate the remainder when 8/v - (-376)/10 is divided by u.
12
Let n be (-2)/7 + 7248/84. Let w = n - 15. What is the remainder when w is divided by 24?
23
Suppose 0*f = 4*g + 2*f - 66, 0 = 3*g - 5*f - 82. Suppose -65 = -2*z - g. What is the remainder when 66 is divided by z?
20
Let t = 58 - 25. Suppose -3*b + 0*b = 3*g - t, g + 5*b - 11 = 0. Let f(k) = -k + 20. Calculate the remainder when 17 is divided by f(g).
8
Suppose 14*a - 25*a + 187 = 0. What is the remainder when 199 is divided by a?
12
Let k(c) = -30*c + 3. Let y be k(4). Let q = y + 136. Calculate the remainder when 93 is divided by q.
17
Let h(f) = -58*f**3 - f. Let z be h(1). Let i = z + 140. Calculate the remainder when i is divided by 12.
9
Suppose -14*t + 10*t + 8 = 0. Suppose -t*d = -9*d + 1260. What is the remainder when d is divided by 46?
42
Let j(f) = f**3 + 2. Let x(r) = -2*r - 14. Let m(g) = 5*g + 43. Let b(a) = 3*m(a) + 8*x(a). What is the remainder when b(-12) is divided by j(2)?
9
Suppose 0 = 3*x - 21 - 3. Suppose -2*g = x*g - 130. Let u(b) = -b**3 + 8*b**2 - 6*b + 1. What is the remainder when u(6) is divided by g?
11
Suppose -29*d = -33*d + 832. What is the remainder when d is divided by 19?
18
Let p = 358 - 327. Calculate the remainder when p is divided by 7.
3
Let x = 15 - 16. Let r(w) = 5*w**3 - w. Let m be r(x). Calculate the remainder when 1 is divided by (-2)/m*(0 + 2).
0
Let l = -1245 + 1348. What is the remainder when l is divided by 28?
19
Suppose 5*s - 225 = -i, 4*s - 3*i = 224 - 63. Calculate the remainder when s is divided by ((-64)/(-1 - -9))/((-1)/2).
12
Let h(i) = -i**3 - 14*i**2 - 15*i + 8. Let z be h(-13). Let b = z - 22. Calculate the remainder when 34 is divided by b.
10
Let p = 14 - 6. What is the remainder when 94 is divided by p?
6
What is the remainder when (16/(-10))/((-60)/600) is divided by 9?
7
Suppose 18*p - 22*p - 60 = 0. What is the remainder when 16 is divided by ((-18)/p)/((6/(-5))/(-3))?
1
What is the remainder when -12*(-42)/(-8)*-1 is divided by 4 + (-72)/9 + 26?
19
Let q = 82 - -112. Calculate the remainder when q is divided by 18.
14
Let h be (-162)/2*32/48. Let v = h + 68. Let u = -6 - -15. Calculate the remainder when v is divided by u.
5
Let z = -63 + 68. Let p = z - -12. Calculate the remainder when (-16)/3*(-2 + -7) is divided by p.
14
Suppose 0 = -0*k - 3*k + 9. Suppose -2*c + k*q - 1 = 0, -c - 5*q = -3*q - 3. What is the remainder when 3 is divided by c?
0
Calculate the remainder when 197 is divided by 3/(-9) + (420/18 - 5).
17
Suppose 3*d + 57 = 5*y, 4*d - d = 2*y - 30. Calculate the remainder when 34 is divided by 38/y + (5 - (-47)/(-9)).
2
Suppose 55*g + 1617 = 66*g. Calculate the remainder when g is divided by 15.
12
Let q(w) = -w**2 + 14*w - 1. Let u be -1 + 5/((-10)/6). What is the remainder when q(9) is divided by (-6)/u*(-46)/(-3)?
21
Suppose 0 = -2*x - 2*t + 3*t - 10, 5*x - 3*t + 23 = 0. Let p be -10 - x - (0 - 16). Let m = 18 - p. Calculate the remainder when 18 is divided by m.
3
Suppose 8 + 30 = 5*k - 2*m, 0 = -4*k - 4*m + 36. Suppose 5*l + 0*q - 29 = 2*q, 4*q = 5*l - 33. Calculate the remainder when k is divided by l.
3
What is the remainder when 8*10/20 - -1600 is divided by 11?
9
Suppose 5*w + 8 = -27. Let p(x) = x**3 + 7*x**2 - 12*x - 13. Calculate the remainder when p(w) is divided by 12.
11
Let u = 6 - 2. Suppose -u*z - 40 = 124. What is the remainder when -2 + (4 + -1 - z) is divided by 15?
12
Suppose -2*i + 3*i = 24. Let l(t) = 2*t**2 - 6*t - 51. What is the remainder when i is divided by l(-4)?
4
Let j = 1054 + -709. What is the remainder when j is divided by 31?
4
Let q(l) = -l**3 + 22 - 7*l - 45 + 22 + 8*l**2. Let z be q(7). Let x(h) = -13*h + 2. What is the remainder when 57 is divided by x(z)?
12
Suppose -1913 - 3103 = -19*r. Calculate the remainder when r is divided by 16.
8
Let k = 68 - 41. Suppose y = -2*y + k. Calculate the remainder when (18/((-1)/1) - -3)/(-1) is divided by y.
6
Let k = -883 - -588. Calculate the remainder when 59 is divided by (-1)/(-2) + k/(-10).
29
Let j = -1410 + 1438. What is the remainder when 104 is divided by j?
20
Let k be -81 + 8 - (-1 - -3). Let j = k + 115. Let a = j + -25. What is the remainder when a is divided by 4?
3
Let t be -1 + ((-4)/(-3))/(12/(-36)). Calculate the remainder when 17 is divided by 9 - (-15)/t - 4.
1
Suppose -24*c = -29*c + 65. Suppose 15*m = 14*m + c. Calculate the remainder when 62 is divided by m.
10
Let g = -4 + 4. Suppose g*y - y = -14. What is the remainder when (-80)/28 + 3 + (-816)/(-21) is divided by y?
11
Let u(z) = z**3 - 5*z**2 - 15*z + 7. Let n be u(7). Suppose n = -9*o + 48 + 6. Calculate the remainder when 10 is divided by o.
4
Let j = -737 - -820. Calculate the remainder when 250 is divided by j.
1
Suppose -20*j + 2318 = 198. Calculate the remainder when j is divided by 32.
10
Let k = 87 - 53. Suppose 0 = -5*m + 200 - 155. What is the remainder when k is divided by m?
7
Let m = 20 - 7. Calculate the remainder when (23/((-483)/60))/(4/(-70)) is divided by m.
11
Let c(q) = -q**2 + 23*q - 11. Let g = -29 + 26. Let s = g + 21. Calculate the remainder when c(s) is divided by 27.
25
Let i = -294 - -314. Calculate the remainder when 151 is divided by i.
11
Suppose 0 = 5*q - x - 100, -10 = 2*x - 0. What is the remainder when 378 is divided by q?
17
Let l = -16 - -26. Suppose n - 31 = 3*v, 4*n - 4*v + v = 115. Calculate the remainder when n is divided by l.
8
Let y(c) = 11*c + 41. Calculate the remainder when 146 is divided by y(-1).
26
Let l(j) = j**2 + 51*j + 16. Calculate the remainder when l(18) is divided by 79.
73
Let m = 50 + -53. Calculate the remainder when 108/3 - 3 - m is divided by 10.
6
Let c(w) = -w**2 - 8*w - 1. Calculate the remainder when 15 is divided by c(-7).
3
Suppose -3*w + 1 = -2. Let z = w - -8. Suppose z = -3*m + 48. What is the remainder when m is divided by 4?
1
Suppose n = -5*u + 57 - 3, -4*n = 5*u - 51. Suppose a + u*a = 264. What is the remainder when 64 is divided by a?
20
Suppose 130 = 3*h + 121. Calculate the remainder when h is divided by 1/((-8)/(-6) + -1).
0
Suppose 4*k - 2*i = -0*k - 70, 0 = -3*k - 2*i - 35. Suppose 19*y - 35 = -206. Let c = y - k. What is the remainder when c is divided by 2?
0
Let g = 30 + -9. Calculate the remainder when g is divided by 4 + ((-4)/22 - (-237)/33).
10
Suppose -6*l + 20 = -2*l, 0 = -v + 2*l - 9. Let j(b) = 12*b**3 + b**2 - 3*b + 2. Calculate the remainder when j(v) is divided by 5.
2
What is the remainder when (88/(-10))/(46/(-345)) is divided by 14?
10
Suppose 10 = 5*s - 10. Suppose s*b = -2*n + 28, 5*n = b + 2*b + 5. What is the remainder when 17 is divided by 9*(n/6)/1?
5
Let j(x) = 4*x + 4. Let m be j(-2). Let t be m - -6 - 3*8. What is the remainder when 19 is divided by -2*2/8*t?
8
Let j(w) = -42*w + 5. Calculate the remainder when 93 is divided by j(-1).
46
Let r be 8*(-9)/(-30) + 2/(-5). Suppose 0 = -4*z - 4*p + 148, 1 - 11 = r*p. What is the remainder when z is divided by 15?
12
Let r(o) = 3*o**3 - 24*o**2 - 20*o - 12. What is the remainder when 199 is divided by r(9)?
46
Suppose 4*w - 15 = w. Let x be (-13 - -7 - 5)*(-2)/1. Calculate the remainder when ((-3)/12*x)/(2/(-4)) is divided by w.
1
Let z = -1705 - -2018. What is the remainder when z is divided by 43?
12
Suppose 2*g - 2 = -5*b, -4*g + 2 = 4*b - 2. Suppose -2*q - 5*h = -47, 4 = 4*h - b. What is the remainder when 51 is divided by q?
9
Let w(h) = 7*h**3 + 11*h - 2. Calculate the remainder when w(3) is divided by 13.
12
Let c be 1173/12 + (-6)/8. Suppose -c = -2*t - 5*n + 4*n, 0 = -3*n + 9. Calculate the remainder when t is divided by 17.
13
Let k be 7 - -1*(1 + -2). What is the remainder when 39 + -9 + (-144)/(-16) is divided by ((-20)/(-6))/(2/k)?
9
Let q = 137 - 241. Let z = 126 + q. What is the remainder when z is divided by 10?
2
Let u = 26 - 8. What is the remainder when (552/16)/(1/2) is divided by u?
15
Suppose -644 = 3*b - 7*b - 2*g, 0 = -3*b + g + 488. Cal